er?
False
Let y(b) = 6 + 11*b**2 - 12*b**2 + 3*b**2 - b**3. Let a be y(0). Suppose -a*j + 5718 = -0*j. Is j a composite number?
False
Let t(s) = -18543*s**3 - 6*s**2 - 3*s + 7. Let g be t(-2). Suppose -5*j + 24*j = g. Is j composite?
True
Let d = -696 - -1146. Suppose -2*q + d = 3*q. Is ((-9)/27)/((-2)/q) composite?
True
Suppose -i - 15*i - i + 15700537 = 0. Is i prime?
True
Let w(b) = -73*b**2 - 4. Let c be w(4). Let d = c + 2016. Suppose -4*a + d = -5*n, -3*n = -a + n + 211. Is a composite?
False
Let f = 171 - -461. Let q = 321 + f. Is q a prime number?
True
Is 605095/(-90)*-12*(-2 - (-14)/4) composite?
False
Let r = -32468 - -70069. Is r a prime number?
False
Let r(o) = 2*o**2 + 3*o + 2. Let g be r(-2). Let f(w) = -7*w + 7 - 111*w**2 + 59*w**2 + 57*w**2. Is f(g) a prime number?
True
Suppose -c + 12186 = 3*w - 35261, 0 = -4*c - 16. Is w composite?
False
Let n(h) = h**2 + 5*h - 9. Suppose -59 = 5*y - 24. Let l be n(y). Suppose 271 = -l*b + 1976. Is b a composite number?
True
Let n = 211641 + -77030. Is n a composite number?
True
Suppose 8*j = -4*j + 298656. Suppose 8*u - 5104 - j = 0. Is u composite?
True
Suppose 0 = 11*u - 9*u. Suppose 0 = 4*m + 2*f - 10 - u, 5*m + 3*f - 10 = 0. Let h(c) = 113*c - 2. Is h(m) prime?
True
Let a(n) = 1 + 3*n**2 + 28*n + 7*n + 0. Suppose -17*u + 135 = 509. Is a(u) prime?
True
Let r(b) = -b**3 + 11*b + 10. Let s be r(-3). Suppose 265 = i - s*w, 5*i + 5*w + 1038 = 9*i. Is i a composite number?
False
Let v be (26 - (-1144)/(-66)) + ((-8)/(-6) - 2). Let s be (-2)/(-6) - 20/(-3). Suppose -s*h - 4*d - 6 = -v*h, 0 = h - d - 21. Is h a prime number?
False
Let b(s) = s**3 - 14*s**2 + 14*s - 6. Let z be b(13). Suppose -62675 = -z*a - 12674. Is a composite?
True
Suppose 36*q = q + 70. Is 4*((-5)/(-60))/(q/12774) a composite number?
False
Suppose 0 = 9*n - 4*n - 2805. Let g be 4/(-7)*(23/(-2) + 1). Is (2 - n/(-6))/(g/12) a prime number?
True
Let h(y) = 7*y**2 - 2. Let t be h(1). Suppose -t*w + 5*x + 121235 = 0, 10246 = -w - 2*x + 34481. Is w prime?
False
Suppose 2*t + 4 = 12. Let g(n) = 25*n**3 + 6*n**2 - 3*n + 9. Is g(t) a prime number?
True
Let f = -16828 + 29675. Let s be 6252/2*-2*1. Let p = f + s. Is p a composite number?
True
Let h(l) = -695*l - 6. Let q be (((-165)/10)/(-11))/(6/8). Let g be h(q). Let m = g + 1979. Is m a prime number?
False
Suppose -143993 - 157352 = -19*f + 760888. Is f prime?
False
Suppose -381*s = -376*s + u - 1430080, 4*u = -20. Is s a prime number?
False
Let w(b) = b**2 - 13*b + 2205. Let t be w(0). Let l = 4244 - t. Is l a composite number?
False
Is ((-2242130)/(-11) - -18) + 9 a composite number?
False
Suppose m + 5*r - 20760 = 123553, 4*m - 5*r - 577302 = 0. Is m a prime number?
True
Is 83988170/380*(4/14 - -2 - 2) prime?
True
Suppose r = -0*r - 12. Let v = r + 16. Suppose -3*k + 4*c + 233 = 0, v*k + k + 5*c = 400. Is k a prime number?
True
Let q(v) = 41*v**3 - 19*v**2 + 132*v - 17. Is q(9) prime?
False
Suppose -m + 14 = 6. Let l be ((6 - m)*-3)/(2/1). Suppose 2*q = 0, l*k = 5*q - 3*q + 669. Is k composite?
False
Let z = 74 + -65. Let y be ((-3)/z)/(9/(-94635)). Suppose 0 = 3*u - y + 88. Is u prime?
False
Let w(z) be the first derivative of 117*z**2 + 5*z + 20. Is w(6) prime?
True
Suppose -7*d + 2*d + 6565 = 0. Suppose -5*s + 3*f + 128 = 1760, 0 = 4*s + 5*f + d. Let o = 210 - s. Is o a composite number?
True
Suppose -g - 8 = -9. Is ((-35133)/84)/(1*g/(-4)) composite?
True
Let d(h) = -3*h**3 - 46*h**2 - 33 - 155*h + 374*h - 190*h. Is d(-20) composite?
False
Let c(o) = -8576*o - 13. Is c(-1) a composite number?
False
Is ((-184929)/(-6))/((2/(-6))/(10/(-15))) prime?
True
Suppose -72*c = -78*c + 11712. Suppose x - 871 = 5*m, 689 + c = 3*x - m. Let n = -84 + x. Is n a composite number?
False
Suppose 22*c + 240 = 62*c. Let q(p) = 117*p + 85. Is q(c) a composite number?
False
Let h(p) = p**3 + p**2 + 2*p - 1. Let l(d) = -d**3 - 7*d**2 - 15*d - 5. Let g(o) = -2*h(o) - l(o). Is g(6) prime?
True
Suppose -3*n + 15565 = -8*u + 10*u, 5*u + 10383 = 2*n. Is n prime?
True
Suppose 2*j - 3*j - s - 10 = 0, 2*s - 22 = 5*j. Is (9124/j)/(8/(-12)*1) prime?
True
Is ((-3)/2)/((-714)/114360428) a prime number?
False
Suppose -53 - 115 = -14*n. Suppose -b = 2*i - 579, -8*i - 5*b - 1123 = -n*i. Is i a composite number?
True
Suppose 18*y + 19*y - 1798264 = -67*y. Is y a composite number?
False
Let q(g) = -12949*g + 600. Is q(-7) a composite number?
False
Let g = 40375 + -28182. Is g a composite number?
True
Let f be 54216/(-144)*(626/(-3) - 0). Suppose f = 19*s + 21316. Is s composite?
True
Let j(b) = -3*b**3 - 23*b**2 + 62*b + 715. Is j(-17) prime?
True
Suppose 325035058 = 1096*w - 698*w. Is w prime?
False
Let d(n) = 4*n**2 - 6*n + 2. Let o = 36 + -34. Let r be d(o). Suppose -r*u - 473 = -5291. Is u a composite number?
True
Suppose -5*w = b - 63267, -163*w = -3*b - 162*w + 189833. Is b a composite number?
False
Let w(j) = 8*j + 43. Let x(a) = -8*a + 26. Let s be x(4). Let u be w(s). Is 2/(-8) - u/(-8)*-1458 composite?
False
Suppose 8*w - 102618 = 5*w - 5*g, 2*g - 68416 = -2*w. Is w a composite number?
False
Suppose 5*r - 1333 + 183 = 0. Let w = r + -73. Is w prime?
True
Suppose -3*c - 14*n + 13*n = -18355, n - 24474 = -4*c. Is c a composite number?
True
Let p = 217353 + 10390. Is p composite?
False
Suppose -162 + 90 = -8*q. Suppose 17768 = q*d - 66265. Is d composite?
False
Suppose -3*z - 24 = -4*a, 8 = 4*a - 8*a - 5*z. Suppose 2*o + 5*n - 1360 = 0, a*n + 2746 = -58*o + 62*o. Is o prime?
False
Let b = -54538 - -126101. Is b a composite number?
False
Suppose 5*y - 3*y + 5*d - 357 = 0, -3*y + 549 = 3*d. Let v = 209 - y. Is v composite?
False
Let n be ((-32)/36)/4*-9. Suppose n*w + 6*i + 14 = 2*i, -2 = i. Is (467/w)/(3/(-9)) a prime number?
True
Let w(k) = -5*k - 10. Suppose 5*d = 3*d - 6. Let h be w(d). Let p(a) = 8*a**2 + a - 3. Is p(h) composite?
True
Let l be 1043/(-1*(3 - 2)). Suppose j + 8 = 2*b, -3*b + 10 - 1 = 0. Is (1/2*l)/(j/4) prime?
False
Let w(s) = s**3 - s**2 + s - 3. Let x be w(2). Suppose 0 = -x*n + n + 4202. Is n a composite number?
True
Suppose 0 = -2*h + 3*l + 2*l + 5, 5*l = h. Is h + 2274*4/12 a composite number?
True
Suppose 5*d - 3*v - 319562 = 0, 12*d - v = 14*d - 127827. Is d a prime number?
True
Let a(n) = n**3 - 6*n**2 + 5*n. Let v be a(5). Suppose -2*i + v*d + d = -132640, 0 = 3*i - d - 198961. Suppose 0 = 6*q - i + 25467. Is q a prime number?
False
Let y be (21 - -3)*(38/(-6) + -1). Let r = -69 - y. Suppose 2*w - 1337 = -l, 4*w + 5*l - r = 2552. Is w composite?
True
Let u = 306 - 290. Suppose 11*g - u*g = -15545. Is g a prime number?
True
Let u = 250 - 259. Is 20/(-25) + u/(-5) + 2266 prime?
True
Let p be (-1 + -1 - -2) + 12. Let b = 161 - 164. Is (b + -80*(-4)/p)*6 composite?
True
Let d be ((-96)/(-15))/(2/40). Suppose -2*l - 3*h + d = -7*h, -4*h = -4*l + 260. Let i = 105 - l. Is i a prime number?
False
Let k = 312 - 295. Suppose k*t + 17324 = 86871. Is t a prime number?
True
Suppose -4*c + 13566 = 2*a, 21385 - 7861 = 2*a - 2*c. Is a a composite number?
True
Let f = -2961 - -2565. Suppose -2897 = -4*m + 3*z, m = -3*m - z + 2901. Let k = f + m. Is k a prime number?
False
Let q(m) = 194*m**2 + 3*m + 4. Let g = -50 - -48. Let b be q(g). Let t = 1315 - b. Is t a composite number?
False
Suppose -19*c = -24*c + 10025. Let i = c - 1392. Is i prime?
True
Suppose 2*y - 5*o + 5 = 20, -12 = 4*o. Suppose y = -128*w + 123*w + 95785. Is w composite?
False
Let j = 316 - 276. Is (1/(-2))/(j/(-305680)) a composite number?
False
Let x = 26736 - 8563. Suppose -3630 = -m + 5*o, 5*m - 9*o = -7*o + x. Is m prime?
False
Let p(x) = x**3 - 6*x**2 - 15*x + 8. Let c be p(8). Let t(m) = m**3 + 33*m - 3. Is t(c) a composite number?
False
Let d = 40257 + -2536. Is d prime?
False
Let m(b) = -4*b**2 + 14*b - 4. Let s be m(5). Let c = s - -33. Is (3/6 - c)/(3/982) prime?
True
Let b = 687917 + -312980. Is b a prime number?
False
Let g(u) = -3*u**2 + 14*u + 2. Let f be g(8). Let l be 3*4/f + 111168/117. Let j = l + -603. Is j a composite number?
False
Suppose 28*x - 24*x - 20 = 0. Suppose x*u + 20632 = 6*u. Is 4/(-8)*u/(-4) a prime number?
True
Suppose -u + 832 = -5*u. Let a(c) = -82*c**2 - 5*c - 4. Let i be a(-1). Let h = i - u. Is h prime?
True
Let w(t) = -t**2 + 45*t + 18. Let u be w(45). Suppose -u*r + 18615 = -3*r. Is 